*c = 0. Suppose 2*y + 13 = 3*n, -4*y - 23 = j*n + y. What are the prime factors of t(n)?
7
Let f = -159 + 330. What are the prime factors of f?
3, 19
Let y(h) = -h**2 + 10*h - 2. Let t = 14 - 5. What are the prime factors of y(t)?
7
Let q be ((-6)/3 - -1)/(-1). Suppose -v + 5 = q. What are the prime factors of v?
2
Suppose -2*s = 8, q - 6*q + 2*s = -8. Suppose -5*k - 3*t + 10 = 2*t, q = -4*k + t + 8. Suppose 5*w - 7*j - 35 = -k*j, 4*j = 0. List the prime factors of w.
7
Let l(j) = 4*j**2 - j. Let v be l(1). Let y be (v - 2)*4/2. Suppose 1 = 3*i - y, -5*i + 7 = k. List the prime factors of k.
2
Let t be 1/(-5) - 22/(-10). List the prime factors of 52/t*1/2.
13
Let n(o) be the third derivative of o**5/60 - o**4/12 - o**3/6 - o**2. Let m be -2 + (-2)/2 + 2. List the prime factors of n(m).
2
Suppose 4*c - 3 = 5. Suppose -2*s + 64 = c*s. List the prime factors of s*(-3)/(-4)*1.
2, 3
Let b = 9 + -5. Suppose z - 4*d = -0*z + 29, b*d = 5*z - 65. Suppose -3*p + 33 = -z. List the prime factors of p.
2, 7
Let h be (-22)/55*(1 - 6). What are the prime factors of 1/(h/(-4)) + 24?
2, 11
What are the prime factors of -1 + -1 + -1 + 12?
3
Let a(j) = -j**2. Let d be a(-6). Let f = d - -16. List the prime factors of 48/20*f/(-6).
2
Let a(d) = d**2 - 12*d + 1. What are the prime factors of a(-5)?
2, 43
What are the prime factors of 380/9 - (-4)/(-18)?
2, 3, 7
Let z(l) = 3*l - 9. Let a be z(6). Suppose -4*s - 20 = -a*s. List the prime factors of s.
2
Let v(w) = -1 + 0*w + 0*w + 9 + 2*w. Let r be v(8). Suppose 2*b - 2*a - 2*a = r, 0 = 2*a + 10. List the prime factors of b.
2
Let h(m) be the third derivative of -m**4/24 + 5*m**3/6 + m**2. Let x be h(-4). Let f = 0 + x. What are the prime factors of f?
3
Let r = -193 - -272. List the prime factors of r.
79
Suppose 34 - 249 = -5*y. List the prime factors of y.
43
Suppose j + 2*n - n + 10 = 0, 4*j - 4*n = -8. Let p = -18 - -7. Let q = j - p. What are the prime factors of q?
5
Suppose -6*v = -v - 75. List the prime factors of v.
3, 5
Suppose -2*n - 774 = -8*n. What are the prime factors of n?
3, 43
Suppose 1 + 7 = 4*r. Suppose 12 = 5*k - r*k, -4*g - 5*k + 168 = 0. List the prime factors of g.
37
Let j be (-46)/(-6) - 4/6. Let a = 39 - 22. Let i = a - j. What are the prime factors of i?
2, 5
Let f = 34 - 20. What are the prime factors of f?
2, 7
Suppose 292 = 4*h - 460. List the prime factors of h.
2, 47
Let z = 6 + 1. List the prime factors of z.
7
Let p = 3 - -28. What are the prime factors of p?
31
Let t(z) = -2*z + 12 + 4*z**2 - 5*z**2 - 15*z. What are the prime factors of t(-16)?
2, 7
Suppose -5*r = -6*r. Suppose o = 25 - r. What are the prime factors of o?
5
Suppose -3*o + 8 = -4*z + 51, 3*z - 33 = 2*o. Let c = z + 5. Suppose 4*i = 5*l - 23, -4*l = -3*i - 0*i - c. List the prime factors of l.
3
Let g = 6 - 3. Suppose g*m = m. Let l = m + 4. List the prime factors of l.
2
Suppose 0 = -2*s + 3 + 3. Suppose 0*n + s*n = 21. What are the prime factors of n?
7
Suppose -2*g - g + 5*k + 251 = 0, -3*k + 407 = 5*g. What are the prime factors of g?
2, 41
Let d(j) = -37*j - 2. Let v be d(-1). Suppose -v - 39 = -2*c. What are the prime factors of c?
37
Let a(j) = -j + 6. Let w be a(0). Suppose -50 = -g - w*k + 2*k, -3*g = -2*k - 80. Suppose -2*l + 23 = 5*o - g, 4 = l. List the prime factors of o.
3
Let s = 16 + 1. List the prime factors of s.
17
Suppose 3*t = 7*t - 160. List the prime factors of t.
2, 5
Suppose 11 = l - 24. Suppose -l = -5*r - 5. List the prime factors of r.
2, 3
Let f = 78 + -28. List the prime factors of f.
2, 5
Suppose 0 = 3*g + s - 148, 0*g + 242 = 5*g + 4*s. List the prime factors of g.
2, 5
Let r(g) = g + 6. Suppose -4*h = h - 40. List the prime factors of r(h).
2, 7
List the prime factors of (410/30)/((-2)/(-6)).
41
Suppose -j + 10 = 4*j. Suppose 4*z = j*z + 18. Suppose 2*a - 25 = -z. List the prime factors of a.
2
Suppose -6 = -g - 0*g - 2*t, -2*g = -3*t - 12. Suppose -a - 15 = -g*a. Suppose 2*p + 3 = -v, 3*v + 2*p + 2*p = -a. List the prime factors of v.
3
Let i(t) be the first derivative of t**4/4 + t**3/3 + t**2/2 + 14*t - 1. Let m be i(0). List the prime factors of m + -1 + 2 + -3.
2, 3
Suppose -7*n + 3*n + 388 = 0. What are the prime factors of n?
97
Let x = -5 - -15. What are the prime factors of (21/(-35))/((-2)/x)?
3
Let m(j) = -j. Let b be m(-12). Suppose -b = -p - 3*z + z, 0 = -3*p - 2*z + 48. List the prime factors of p.
2, 3
Let h = -18 + 70. What are the prime factors of h?
2, 13
Let m(v) = v - 4. Let t be m(6). List the prime factors of (3/(-6))/(t/(-16)).
2
Let a(h) = h**2 + 2 + 6*h - 7*h**2 + 5*h**2. What are the prime factors of a(5)?
7
Suppose 3*y = 2*u - 102, 2*u - 3*u = y - 61. List the prime factors of u.
3, 19
Suppose 6*r = r - 5. List the prime factors of 3 + -3 - 13/r.
13
Let g be 15/(-10) + 2/(-4). Let p be -44 - g - (-1 - 1). List the prime factors of ((-3)/(-6))/((-2)/p).
2, 5
Let t(h) be the first derivative of 4*h**3/3 + h**2/2 - 1. What are the prime factors of t(1)?
5
Let t = -35 + 71. What are the prime factors of t?
2, 3
Suppose -2*a = 3*a - 40. Let j(k) = -k**2 + 10*k - 12. List the prime factors of j(a).
2
Suppose -6 = -3*j + 18. Let s = j + 2. What are the prime factors of s?
2, 5
Let n(b) = -b**2 + 5*b + 6. Let o(t) = -t**3 - 6*t**2 + 5*t - 8. Let l be o(-7). Let p be n(l). Suppose d - 8 - 4 = p. List the prime factors of d.
2, 3
Suppose 60 = 5*a - 80. List the prime factors of a.
2, 7
Let v = -47 + 79. List the prime factors of v.
2
Let b(z) = z**3 + 5*z**2 + z + 6. Let f be b(-5). Suppose -l + f = 3. What are the prime factors of -1*(-2 + (-11 - l))?
11
Let b(j) = -16*j - 1. Let s = 17 - 20. What are the prime factors of b(s)?
47
Suppose 0 = 2*z - 196 + 48. What are the prime factors of z?
2, 37
Let t be (15/25 - 1)*-30. Suppose 2*l - 10 = 5*m, 2*m - 7*m - 20 = -4*l. Suppose m*b + t = b. List the prime factors of b.
2, 3
Let k = -6 - -4. Let n(q) = -6*q**3 + q**2 + 2*q. List the prime factors of n(k).
2, 3
What are the prime factors of (14 - 14) + 1/(1/138)?
2, 3, 23
Let v(b) = 3*b**3 - 2*b**2 + 4*b + 1. Let z(t) = -2*t**3 + 3*t**2 - 5*t - 1. Let a(r) = 3*v(r) + 4*z(r). What are the prime factors of a(-7)?
2, 3
Let o be -2 + (-1 - -1) + 11. Suppose a + 2*a = -o. Let q(w) = w**3 + 4*w**2 + w - 3. List the prime factors of q(a).
3
Let p = 120 - -21. List the prime factors of p.
3, 47
Let r(h) be the third derivative of 17*h**6/120 + h**5/30 - h**4/12 + h**3/6 - 3*h**2. What are the prime factors of r(1)?
2, 3
Let g be 6/(-1)*5/15. Let n = g - -5. What are the prime factors of n?
3
Suppose -3*o - 183 = -h, 2*h - 6*h = -2*o - 772. List the prime factors of h.
3, 5, 13
Suppose 4*c = 3*i - 103, 45 = i + 3*c + c. List the prime factors of i.
37
Let t(x) = -2*x**2 + 3*x + 2. Let h(r) = r**3 + 3*r**2 - 5*r - 3. Let p(j) = -3*h(j) - 5*t(j). What are the prime factors of p(-1)?
3
Suppose -2*a - 193 = -3*l - a, 20 = -5*a. List the prime factors of l.
3, 7
Let o = -2 - -4. Suppose 0 = -o*m - 3*m. Suppose m*d + 3*x = -2*d + 21, 4*d + x = 17. List the prime factors of d.
3
Suppose 10*z = 6*z + 296. List the prime factors of z.
2, 37
Suppose -5*i + 65 = 5*p - 0*i, -i + 28 = 2*p. Let f = p + 2. List the prime factors of f.
17
Suppose 25 = -3*c + j, -c + 0*j + 2*j = 10. List the prime factors of (-2)/c - (-150)/8.
19
Let v(s) = -s**3 + 4*s**2 + 5*s + 2. Let j be v(5). Let z(c) = -6*c + 0*c**2 - j*c + c**2 + 10. What are the prime factors of z(7)?
3
Let n(x) = -4*x**3 + 2*x**2 + 2*x + 1. Let o be n(-1). Suppose -o*z = 5*u - 60, 5*z + 37 = u - 5. What are the prime factors of u?
17
Let s = -3 + 6. Let g = 6 - s. List the prime factors of g.
3
Suppose -4*x - 3*p = -2159 + 476, p = -5*x + 2101. Suppose 0*s - x = -4*s. Suppose s = 5*b + 5*g, g = 6*g - 10. What are the prime factors of b?
19
Let y(b) = -19*b - 4. Let u be y(2). List the prime factors of 14/u + 88/3.
29
Suppose o + 6 = 141. List the prime factors of o.
3, 5
List the prime factors of 1/(21/36)*21.
2, 3
Suppose -176 - 154 = -3*j + 5*l, 2*j = -3*l + 239. What are the prime factors of j?
5, 23
Let i(z) = -z**2 - 25*z - 28. List the prime factors of i(-16).
2, 29
Let p(o) be the first derivative of o**4/4 - 8*o**3/3 + o**2 + o + 2. What are the prime factors of p(8)?
17
Suppose -15*z - 180 = -19*z. List the prime factors 